f 19?
True
Does 778 divide 1447854?
False
Does 81 divide 234587?
False
Does 70 divide 346573?
False
Does 666 divide 1798866?
True
Is 14 a factor of 6037906?
True
Is 2891304 a multiple of 8?
True
Does 173 divide 744765?
True
Is 62797 a multiple of 66?
False
Is 104 a factor of 1639352?
True
Is 23878 a multiple of 75?
False
Does 295 divide 494125?
True
Is 95 a factor of 145335?
False
Does 172 divide 12008352?
True
Is 14 a factor of 14190?
False
Does 840 divide 2751000?
True
Is 70 a factor of 12758830?
True
Is 11 a factor of 118843?
False
Is 178079 a multiple of 7?
False
Does 20 divide 1815560?
True
Is 52846 a multiple of 37?
False
Is 2859379 a multiple of 701?
True
Is 174933 a multiple of 209?
True
Does 14 divide 101150?
True
Does 22 divide 5958766?
True
Is 163 a factor of 2396426?
True
Is 314 a factor of 240365?
False
Does 544 divide 17918241?
False
Is 67320 a multiple of 90?
True
Is 18 a factor of 2140038?
True
Is 7 a factor of 49259?
True
Is 217180 a multiple of 262?
False
Does 7 divide 57961?
False
Is 94 a factor of 4244194?
True
Does 72 divide 963783?
False
Does 17 divide 8690145?
True
Is 235080 a multiple of 20?
True
Does 12 divide 4199723?
False
Is 1564438 a multiple of 7?
False
Is 1014 a factor of 19545900?
False
Does 14 divide 659456?
True
Is 535 a factor of 1571813?
False
Is 15282 even?
True
Does 95 divide 3014278?
False
Does 12 divide 3466734?
False
Does 21 divide 390117?
True
Is 2542272 a multiple of 32?
True
Is 105 a factor of 251857?
False
Is 291409 a multiple of 106?
False
Is 3470513 a multiple of 27?
False
Is 12 a factor of 20069?
False
Is 2655 a multiple of 5?
True
Is 246 a factor of 3007842?
True
Is 6 a factor of 237996?
True
Is 4306224 a multiple of 103?
True
Is 2197778 a multiple of 22?
True
Is 183 a factor of 140834?
False
Is 20 a factor of 7951097?
False
Does 19 divide 649061?
False
Does 9 divide 684603?
True
Is 368183 a multiple of 160?
False
Is 38371 a multiple of 2?
False
Does 16 divide 3977488?
True
Does 315 divide 12071745?
True
Is 253 a factor of 1615152?
True
Does 51 divide 621051?
False
Is 3 a factor of 36548?
False
Is 21335231 a multiple of 505?
False
Is 107 a factor of 34241?
False
Does 429 divide 2784639?
True
Is 24888536 a multiple of 1559?
False
Does 149 divide 687933?
True
Is 165 a factor of 19777230?
True
Is 14400 a multiple of 6?
True
Is 27403596 a multiple of 54?
True
Does 191 divide 1921078?
True
Is 67 a factor of 11725?
True
Does 115 divide 131215?
True
Is 1799129 a multiple of 28?
False
Is 166 a factor of 60106?
False
Does 133 divide 716084?
False
Is 41 a factor of 4252069?
True
Is 45 a factor of 124671?
False
Is 253 a factor of 24128?
False
Is 882113 a multiple of 620?
False
Is 11480480 a multiple of 68?
False
Is 1210197 a multiple of 18?
False
Is 83 a factor of 338806?
True
Does 45 divide 601290?
True
Is 206315 a multiple of 11?
False
Does 66 divide 4187911?
False
Does 14 divide 488432?
True
Is 32 a factor of 1263904?
True
Is 21 a factor of 1819524?
True
Is 178 a factor of 11712577?
False
Is 4164292 a multiple of 71?
True
Is 26 a factor of 995961?
False
Is 5 a factor of 175438?
False
Does 336 divide 212206?
False
Is 140 a factor of 215670?
False
Is 14118 a multiple of 110?
False
Is 310 a factor of 154070?
True
Is 15 a factor of 1048875?
True
Is 312288 a multiple of 32?
True
Is 2158065 a multiple of 819?
True
Does 48 divide 38064?
True
Is 158 a factor of 1017234?
False
Does 63 divide 20916?
True
Does 52 divide 7961?
False
Does 100 divide 18030?
False
Is 368647 a multiple of 39?
False
Is 622 a factor of 6421528?
True
Is 196 a factor of 2450196?
True
Is 15 a factor of 17950950?
True
Is 389160 a multiple of 120?
True
Is 10 a factor of 112580?
True
Is 56 a factor of 30993?
False
Does 112 divide 3785712?
True
Does 10 divide 72230?
True
Is 2974252 a multiple of 34?
True
Is 85792 a multiple of 184?
False
Does 51 divide 464445?
False
Is 51840 a multiple of 90?
True
Is 44471 a multiple of 24?
False
Is 88 a factor of 1590472?
False
Does 36 divide 6518700?
True
Does 269 divide 134769?
True
Is 1346000 a multiple of 80?
True
Is 839 a factor of 160971?
False
Is 4 a factor of 25384?
True
Is 94 a factor of 6331652?
True
Is 15 a factor of 86060?
False
Does 47 divide 2980855?
False
Does 289 divide 661005?
False
Does 10 divide 48215?
False
Is 581 a factor of 462476?
True
Does 56 divide 57408?
False
Does 311 divide 1911717?
True
Does 48 divide 245568?
True
Is 684 a factor of 5205240?
True
Is 6 a factor of 699036?
True
Is 3 a factor of 10435167?
True
Is 471 a factor of 76475?
False
Is 56 a factor of 687069?
False
Is 6076278 a multiple of 234?
True
Is 20240 a multiple of 220?
True
Does 7 divide 1499477?
True
Is 123 a factor of 11234339?
False
Is 375172 a multiple of 5?
False
Does 770 divide 657580?
True
Does 243 divide 130734?
True
Is 37 a factor of 14726?
True
Is 59466 a multiple of 51?
True
Is 6 a factor of 3268162?
False
Is 1956688 a multiple of 464?
True
Is 6477279 a multiple of 11?
False
Is 3430961 a multiple of 365?
False
Is 99267 a multiple of 489?
True
Does 20 divide 3637120?
True
Is 168 a factor of 93240?
True
Is 2290374 a multiple of 666?
True
Is 132545 a multiple of 369?
False
Does 36 divide 1642320?
True
Is 26 a factor of 914054?
False
Does 40 divide 547204?
False
Does 24 divide 9723535?
False
Is 1665513 a multiple of 550?
False
Is 562800 a multiple of 84?
True
Is 99268 a multiple of 139?
False
Is 1296 a multiple of 12?
True
Does 11 divide 219645?
False
Is 1695717 a multiple of 45?
False
Does 51 divide 2340186?
True
Is 42 a factor of 15914?
False
Is 1713792 a multiple of 16?
True
Is 21172 a multiple of 67?
True
Does 133 divide 115311?
True
Is 1466916 a multiple of 33?
True
Is 400 a factor of 150400?
True
Is 31 a factor of 84754?
True
Does 377 divide 8433490?
True
Is 241943 a multiple of 481?
True
Is 7069 a multiple of 11?
False
Is 25 a factor of 1890353?
False
Is 12 a factor of 913176?
True
Is 362747 a multiple of 3?
False
Is 593 a factor of 253125?
False
Is 826085 a multiple of 895?
True
Does 379 divide 5281366?
False
Does 54 divide 10418561?
False
Is 2375391 a multiple of 574?
False
Is 2322522 a multiple of 696?
False
Does 53 divide 568425?
True
Is 409970 a multiple of 22?
True
Is 265300 a multiple of 27?
False
Is 6 a factor of 2046159?
False
Is 365 a factor of 1688461?
False
Is 2110406 a multiple of 422?
False
Is 401 a factor of 6019010?
True
Does 124 divide 6732828?
True
Is 252 a factor of 10116611?
False
Is 442694 a multiple of 152?
False
Does 13 divide 8879?
True
Does 53 divide 1652861?
False
Is 18297237 a multiple of 1702?
False
Does 61 divide 2990211?
False
Does 185 divide 253635?
True
Is 263 a factor of 2469044?
True
Is 7613821 a multiple of 1671?
False
Is 196746 a multiple of 271?
True
Is 100711 a multiple of 61?
True
Is 2264205 a multiple of 624?
False
Is 3661694 a multiple of 422?
True
Is 51 a factor of 2147962?
False
Is 5196788 a multiple of 15?
False
Is 32 a factor of 62560?
True
Is 308741 a multiple of 54?
False
Is 18 a factor of 572022?
True
Does 37 divide 2483255?
True
Is 92 a factor of 511060?
True
Does 330 divide 939180?
True
Is 266628 a multiple of 34?
True
Is 4368491 a multiple of 676?
False
Does 166 divide 1681269?
False
Does 556 divide 288008?
True
Is 38 a factor of 113430?
True
Does 514 divide 451849?
False
Does 387 divide 2523021?
False
Does 611 divide 3068886?
False
Is 729648 a multiple of 1126?
True
Is 495 a factor of 987751?
False
Is 145 a factor of 801850?
True
Is 218 a factor of 767578?
True
Is 669573 a multiple of 13?
False
Is 1412954 a multiple of 338?
False
Is 126 a factor of 359048?
False
Is 11095248 a multiple of 815?
False
Is 41 a factor of 150142?
True
Is 45 a factor of 126674?
False
Does 155 divide 560945?
True
Is 492065 a multiple of 346?
False
Is 61064 a multiple of 5?
False
Does 136 divide 10707960?
True
Is 4654832 a multiple of 161?
True
Is 138591 a multiple of 531?
True
Is 61 a factor of 14656?
False
Is 653310 a multiple of 102?
True
Does 33 divide 1525326?
True
Is 101666 a multiple of 4?
False
Does 10 divide 325789?
False
Does 203 divide 10106964?
True
Is 382675 a multiple of 54?
False
Is 1940057 a multiple of 119?
True
Does 32 divide 16203648?
True
Does 239 divide 566908?
True
Does 5 divide 680049?
False
Is 38 a factor of 585352?
True
Is 12 a factor of 1239079?
Fal